{"id":191,"date":"2026-03-13T00:48:18","date_gmt":"2026-03-13T03:48:18","guid":{"rendered":"https:\/\/rinaldi.ind.br\/?page_id=191"},"modified":"2026-03-13T01:06:18","modified_gmt":"2026-03-13T04:06:18","slug":"arquivos-pdf","status":"publish","type":"page","link":"https:\/\/rinaldi.ind.br\/?page_id=191","title":{"rendered":"Arquivos em PDF"},"content":{"rendered":"\n<p>Aqui voc\u00ea encontrar\u00e1 materiais de apoio para opera\u00e7\u00e3o, instala\u00e7\u00e3o e manuten\u00e7\u00e3o de produtos de Rinaldi Tecnologia.<\/p>\n\n\n\n<div data-wp-interactive=\"core\/file\" class=\"wp-block-file\"><object data-wp-bind--hidden=\"!state.hasPdfPreview\" hidden class=\"wp-block-file__embed\" data=\"https:\/\/rinaldi.ind.br\/wp-content\/uploads\/2026\/03\/Guia-de-furacao-e-ligacao-RocketBoard-v1.3.pdf\" type=\"application\/pdf\" style=\"width:100%;height:380px\" aria-label=\"Incorporado de &lt;strong&gt;Guia de fura\u00e7\u00e3o e liga\u00e7\u00e3o RocketBoard v1.3&lt;\/strong&gt;.\"><\/object><a id=\"wp-block-file--media-4f062dab-f392-4d0b-a30c-bbe6c2464a09\" href=\"https:\/\/rinaldi.ind.br\/wp-content\/uploads\/2026\/03\/Guia-de-furacao-e-ligacao-RocketBoard-v1.3.pdf\"><strong>Guia de fura\u00e7\u00e3o e liga\u00e7\u00e3o RocketBoard v1.3<\/strong><\/a><a href=\"https:\/\/rinaldi.ind.br\/wp-content\/uploads\/2026\/03\/Guia-de-furacao-e-ligacao-RocketBoard-v1.3.pdf\" class=\"wp-block-file__button wp-element-button\" download aria-describedby=\"wp-block-file--media-4f062dab-f392-4d0b-a30c-bbe6c2464a09\">Baixar<\/a><\/div>\n\n\n\n<div data-wp-interactive=\"core\/file\" class=\"wp-block-file\"><object data-wp-bind--hidden=\"!state.hasPdfPreview\" hidden class=\"wp-block-file__embed\" data=\"https:\/\/rinaldi.ind.br\/wp-content\/uploads\/2026\/03\/Guia-de-ligacao-de-sondas-de-O.D.pdf\" type=\"application\/pdf\" style=\"width:100%;height:380px\" aria-label=\"Incorporado de &lt;strong&gt;Guia de liga\u00e7\u00e3o de sondas de O.D.&lt;\/strong&gt;.\"><\/object><a id=\"wp-block-file--media-d86c2d47-b307-444b-9690-1b450570e5d1\" href=\"https:\/\/rinaldi.ind.br\/wp-content\/uploads\/2026\/03\/Guia-de-ligacao-de-sondas-de-O.D.pdf\"><strong>Guia de liga\u00e7\u00e3o de sondas de O.D.<\/strong><\/a><a href=\"https:\/\/rinaldi.ind.br\/wp-content\/uploads\/2026\/03\/Guia-de-ligacao-de-sondas-de-O.D.pdf\" class=\"wp-block-file__button wp-element-button\" download aria-describedby=\"wp-block-file--media-d86c2d47-b307-444b-9690-1b450570e5d1\">Baixar<\/a><\/div>\n\n\n\n<div data-wp-interactive=\"core\/file\" class=\"wp-block-file\"><object data-wp-bind--hidden=\"!state.hasPdfPreview\" hidden class=\"wp-block-file__embed\" data=\"https:\/\/rinaldi.ind.br\/wp-content\/uploads\/2026\/03\/Schematic_RocketBoard-v1.3.pdf\" type=\"application\/pdf\" style=\"width:100%;height:380px\" aria-label=\"Incorporado de &lt;strong&gt;Diagrama eletr\u00f4nico do controlador RocketBoard v1.3&lt;\/strong&gt;.\"><\/object><a id=\"wp-block-file--media-a298edab-e97f-400d-bb31-d51773dd304c\" href=\"https:\/\/rinaldi.ind.br\/wp-content\/uploads\/2026\/03\/Schematic_RocketBoard-v1.3.pdf\"><strong>Diagrama eletr\u00f4nico do controlador RocketBoard v1.3<\/strong><\/a><a href=\"https:\/\/rinaldi.ind.br\/wp-content\/uploads\/2026\/03\/Schematic_RocketBoard-v1.3.pdf\" class=\"wp-block-file__button wp-element-button\" download aria-describedby=\"wp-block-file--media-a298edab-e97f-400d-bb31-d51773dd304c\">Baixar<\/a><\/div>\n\n\n\n<p><\/p>\n","protected":false},"excerpt":{"rendered":"<p>Aqui voc\u00ea encontrar\u00e1 materiais de apoio para opera\u00e7\u00e3o, instala\u00e7\u00e3o e manuten\u00e7\u00e3o de produtos de Rinaldi Tecnologia.<\/p>\n","protected":false},"author":1,"featured_media":0,"parent":0,"menu_order":0,"comment_status":"closed","ping_status":"closed","template":"","meta":{"footnotes":""},"class_list":["post-191","page","type-page","status-publish","hentry"],"_links":{"self":[{"href":"https:\/\/rinaldi.ind.br\/index.php?rest_route=\/wp\/v2\/pages\/191","targetHints":{"allow":["GET"]}}],"collection":[{"href":"https:\/\/rinaldi.ind.br\/index.php?rest_route=\/wp\/v2\/pages"}],"about":[{"href":"https:\/\/rinaldi.ind.br\/index.php?rest_route=\/wp\/v2\/types\/page"}],"author":[{"embeddable":true,"href":"https:\/\/rinaldi.ind.br\/index.php?rest_route=\/wp\/v2\/users\/1"}],"replies":[{"embeddable":true,"href":"https:\/\/rinaldi.ind.br\/index.php?rest_route=%2Fwp%2Fv2%2Fcomments&post=191"}],"version-history":[{"count":3,"href":"https:\/\/rinaldi.ind.br\/index.php?rest_route=\/wp\/v2\/pages\/191\/revisions"}],"predecessor-version":[{"id":201,"href":"https:\/\/rinaldi.ind.br\/index.php?rest_route=\/wp\/v2\/pages\/191\/revisions\/201"}],"wp:attachment":[{"href":"https:\/\/rinaldi.ind.br\/index.php?rest_route=%2Fwp%2Fv2%2Fmedia&parent=191"}],"curies":[{"name":"wp","href":"https:\/\/api.w.org\/{rel}","templated":true}]}}